{"id":42,"date":"2024-05-02T21:47:57","date_gmt":"2024-05-02T21:47:57","guid":{"rendered":"https:\/\/geothermie-homeier.de\/?page_id=42"},"modified":"2024-05-02T22:28:14","modified_gmt":"2024-05-02T22:28:14","slug":"taichi-stile","status":"publish","type":"page","link":"https:\/\/geochi.de\/index.php\/taichi-stile\/","title":{"rendered":"Taichi-Stile"},"content":{"rendered":"<section class=\"ce_text content_main block\">\n<h4>Taichi Chuan &#8211; Handform<\/h4>\n<h5><strong>Chen-Stil<\/strong><\/h5>\n<p>Der Chen-Stil ist der urspr\u00fcngliche Taichi-Stil, gegr\u00fcndet von Chen Wangting (1597-1664).\u00a0Langsame und explosive Spiralbewegungen aus der Taille (Dantien), Tritte und Spr\u00fcnge sind charakeristisch f\u00fcr diesen dynamischen Stil. Eine wichtige Rolle dabei spielt die Atmung und die Aufmerksamkeit.<br \/>\nEine grundlegende spezielle \u00dcbung um den Chen-Stil, aber auch andere Stile zu verinnerlichen und dessen Prinzipien zu verstehen ist &#8222;Chansigong&#8220;. Cansigong bedeutet &#8222;Seiden-\u00dcbungen&#8220; (&#8222;Reeling Silk&#8220;).<br \/>\nAus dieser Selbstverteidigungsform haben sich die weiteren Stilrichtungen des Taichi Chuan entwickelt, z.B. der Yang-Stil.<\/p>\n<h5><strong>Yang-Stil<\/strong><\/h5>\n<p>Nachdem\u00a0Yang Lu Chan (1799-1872) bei der Chen-Famile unterrichtet und in die Geheimnisse eingeweiht wurde, entwickelte er mit Erfahrung aus anderen inneren Kampfk\u00fcnsten, den &#8222;dynamischen&#8220; Yang-Stil. Sein Enkel Yang Chengfu (1883-1936) \u00fcberarbeitete und \u00e4nderte den Yang-Sti, den wir heuetzutage auf der ganzen Welt praktizieren. Yang Chengfu ist es zu verdanken, dass der bis dahin geheimgehaltene, nur den Familienmitgliedern zug\u00e4ngliche Stile, verbreitet wurden. Charakteristisch f\u00fcr sein Stil sind langsame, weiche, runde und gleichm\u00e4\u00dfige Bewegungen und wird als &#8222;glatte Wogen einer sich immer wiederholenden Wellenbewegung&#8220; bezeichnet. Hier steht auch der gesundheitliche Aspekt im Vordergrund. Die Traditionelle Yang-Form beinhaltet 103 Formen (bzw. 85 Formen).<\/p>\n<h5><strong>Peking-Form<\/strong><\/h5>\n<p>Die Peking-Form beinhaltet 24 Formen und wurde erst 1956 von der Nationalsportkomitee der VR China entwickelt. Sie ist eine reduzierte Form des Yang-Stils. Eingebaut sind &#8222;Wiegenschritte&#8220; und die wichtigsten Formen des Taichiquan. Diese Form ist besonders f\u00fcr den Anf\u00e4nger geeignet. Neben dem Yang-Stil ist die Peking-Form am weitesten verbreitet.<\/p>\n<\/section>\n<section class=\"ce_text content_main block\">\n<h4>Taichi Waffenformen<\/h4>\n<h5><strong>Schwert &#8211; Jian<\/strong><\/h5>\n<p>Man darf nicht vergessen, das Taichi urspr\u00fcnglich eine Kampf-Form war, die zur Selbstverteidigung diente. Genau diese Verteidigunsformen sind in der Schwertkunst gut wieder zu erkennen. Entwickelt wurden die Schwertk\u00fcnste in dem daoistischen Wudang-Gebirge. Heutzutage dient die Schwertform haupts\u00e4chlich als Gesundheits\u00fcbung. Grunds\u00e4tzlich gibt es 13 Schwert-Techniken.<br \/>\nDie Yang Schwertform-32 ist f\u00fcr Anf\u00e4nger w\u00e4hrend die Yang-Langform mit 67 Bewegungen und die Chenstil-Schwertform f\u00fcr Fortgeschrittene geeignet ist.<\/p>\n<h5><strong>S\u00e4bel &#8211; Dao<\/strong><\/h5>\n<p>Der S\u00e4bel ist leicht gebogen und nur an einer Seite geschliffen, w\u00e4rend das Schwert auf beide Seiten geschliffen ist und gerade gestreckt ist. Bei den \u00dcbungsger\u00e4ten im Unterricht sind die Waffen jedoch nicht geschliffen. Wie bei der Schwertform existieren bei der S\u00e4belform 13 verschieden Techniken. F\u00fcr S\u00e4belform-Anf\u00e4nger, ist der Yang-Stl mit 13 \u00dcbunge gut geeignet.<\/p>\n<h5><strong>F\u00e4cher &#8211; Fei Hong Shan<\/strong><\/h5>\n<p>Der Taiji-F\u00e4cher ist eine &#8222;elegante Waffe&#8220;. In alten Zeiten waren scharfe Messerspitzen unter dem Tuch versteckt. Beim \u00f6ffnen des F\u00e4chers konnte mann dem Gegner immense Verletzungen zuf\u00fcgen. Auch beim geschlossenen F\u00e4cher, die zum Teil aus Metall bestanden, konnte man dem Gegner duch Schl\u00e4ge verletzen.<br \/>\nDie Yang-Regenbogenf\u00e4cherform mit 30 Bildern, ist f\u00fcr Fortgeschrittne geeignet, die mindestens zwei Jahre Taichi Chuan Erfahrung haben. Die Form kann gleichm\u00e4\u00dfig und rund oder aber auch dynamisch vorgef\u00fchrt werden.<\/p>\n<\/section>\n","protected":false},"excerpt":{"rendered":"<p>Taichi Chuan &#8211; Handform Chen-Stil Der Chen-Stil ist der urspr\u00fcngliche Taichi-Stil, gegr\u00fcndet von Chen Wangting (1597-1664).\u00a0Langsame und explosive Spiralbewegungen aus der Taille (Dantien), Tritte und Spr\u00fcnge sind charakeristisch f\u00fcr diesen dynamischen Stil. Eine wichtige&#46;&#46;&#46;<\/p>\n","protected":false},"author":1,"featured_media":22,"parent":0,"menu_order":0,"comment_status":"closed","ping_status":"closed","template":"","meta":{"footnotes":""},"class_list":["post-42","page","type-page","status-publish","has-post-thumbnail","hentry"],"_links":{"self":[{"href":"https:\/\/geochi.de\/index.php\/wp-json\/wp\/v2\/pages\/42","targetHints":{"allow":["GET"]}}],"collection":[{"href":"https:\/\/geochi.de\/index.php\/wp-json\/wp\/v2\/pages"}],"about":[{"href":"https:\/\/geochi.de\/index.php\/wp-json\/wp\/v2\/types\/page"}],"author":[{"embeddable":true,"href":"https:\/\/geochi.de\/index.php\/wp-json\/wp\/v2\/users\/1"}],"replies":[{"embeddable":true,"href":"https:\/\/geochi.de\/index.php\/wp-json\/wp\/v2\/comments?post=42"}],"version-history":[{"count":1,"href":"https:\/\/geochi.de\/index.php\/wp-json\/wp\/v2\/pages\/42\/revisions"}],"predecessor-version":[{"id":43,"href":"https:\/\/geochi.de\/index.php\/wp-json\/wp\/v2\/pages\/42\/revisions\/43"}],"wp:featuredmedia":[{"embeddable":true,"href":"https:\/\/geochi.de\/index.php\/wp-json\/wp\/v2\/media\/22"}],"wp:attachment":[{"href":"https:\/\/geochi.de\/index.php\/wp-json\/wp\/v2\/media?parent=42"}],"curies":[{"name":"wp","href":"https:\/\/api.w.org\/{rel}","templated":true}]}}